= -m**3 + m**2 - m - 1. Let h(i) = 4*i**3 - 4*i**2 + 8*i + 5. Let j(k) = -h(k) - 5*w(k). Let s be 1/(14/6 + -2). Determine j(s).
9
Let p = 6 - 10. Let h be (-12)/20 + p/10. Let b(u) = -4*u. Calculate b(h).
4
Let s(l) be the first derivative of l**2/2 - 3. Give s(-3).
-3
Let p(t) = -t**2 + 4*t + 7. Let w be p(6). Let z(h) = -2*h - 6. Calculate z(w).
4
Suppose 2*j - 2 - 6 = i, 4 = 4*j - 5*i. Let a(h) be the second derivative of h**3/6 - 5*h**2/2 - 16*h. Determine a(j).
1
Let f be -7 - -4 - -1*15. Suppose 0 = 4*x + 4*i - 12, 2*x + f = 6*x + 2*i. Let b(w) = 4*w + 4. Determine b(x).
16
Suppose 3*r = 2*m - 17, 0 = 3*r + 2*r + 5. Let v(q) be the first derivative of q**2/2 - 7*q - 38. Determine v(m).
0
Let n = 6 - 11. Let v(i) = -i**3 - 12*i**2 - 4*i - 6. Let h(f) = -2*f**3 - 22*f**2 - 8*f - 11. Let w(m) = -3*h(m) + 5*v(m). Calculate w(n).
8
Let x = -21 - -14. Let o(n) = -n - 2. Calculate o(x).
5
Let j(a) = -4*a**2 - 3*a - 38. Let q(r) = r**2 + r + 1. Let t(y) = j(y) + 3*q(y). Calculate t(0).
-35
Suppose 3*z - 9 = -6. Let r(x) = -9*x**2 + x. Determine r(z).
-8
Let g(n) be the third derivative of -n**6/720 + n**5/120 + n**4/12 + 2*n**2. Let m(b) be the second derivative of g(b). Calculate m(-2).
3
Let z(b) be the first derivative of -2*b + 3 + 5/3*b**3 + 3*b**2 - 1/4*b**4. Calculate z(6).
-2
Let b(k) = -k + 2. Suppose 2*u - 4*u = -16. Suppose u = -4*w - 8. Determine b(w).
6
Suppose 0 = -2*q - 3*v - 19, 3*q - v = -5*v - 27. Let l(f) = 3*f + 7. Give l(q).
-8
Let l(x) = 14*x**2 + x - 1. Suppose -4*r = -122 + 118. Calculate l(r).
14
Let x(p) = -4*p**3 + p**2 + p - 3. Let c(s) = -7*s**3 + 3*s**2 + 3*s - 5. Let t(r) = 3*c(r) - 5*x(r). Suppose 3*f + 9 = 3*a, -f + 18 = 4*a + f. Give t(a).
16
Suppose 10 = -2*b - 4*s, -3*b = -4*b - 5*s - 11. Let x = -4 + b. Let f(y) = -y**3 - 4*y**2 + 5*y + 2. What is f(x)?
2
Let q(w) be the first derivative of -w**2/2 + 17*w + 3. Determine q(0).
17
Let i = 36 - 31. Let r(c) = c**3 - 4*c**2 - 4*c. Give r(i).
5
Let u(j) = 2*j + 1. Let z be u(4). Let c = -7 + z. Let n(v) = 3*v**2 + 0*v**2 - 3*v + 1 + 2. Calculate n(c).
9
Let p = -12 + 17. Suppose 0 = -p*w - 0*w + 15. Suppose 2*j + w*j = 5. Let y(l) = -3*l**2 - 1. What is y(j)?
-4
Suppose 17 = 5*v + 7. Let f(t) = 1 - 3*t**3 + 4*t**v + 2*t**3 - 4*t + 0 + 0*t**3. Calculate f(3).
-2
Let t(h) = 165 - 165 - 2*h. What is t(2)?
-4
Let d(o) be the first derivative of -o**5/60 - o**4/6 + o**3/3 - o**2 + 1. Let f(p) be the second derivative of d(p). Suppose 20 = -6*v + 2*v. Determine f(v).
-3
Let d(n) = -5*n. Suppose c = -0*c + 1. Calculate d(c).
-5
Let h(r) = 4*r - 1. Let m(o) be the first derivative of -o**2/2 - 7*o - 3. Let i be m(-8). Let v = 0 + i. Calculate h(v).
3
Let v(w) = 2*w**3 - 5*w**2 - 2*w + 3. Let u(k) = 3*k**3 - 5*k**2 - 3*k + 2. Let d(g) = -3*u(g) + 4*v(g). Let l be 1*(-10)/(4 - 2). Give d(l).
1
Let z(s) = -s - 2 - s**3 + 4 + 4 + 5*s**2. Determine z(5).
1
Let n(o) be the second derivative of -o**5/10 - o**4/6 + o**3/3 + o**2 - 25*o. Let r = -3 + 1. What is n(r)?
6
Let z(i) be the second derivative of i**5/20 - i**3/6 - 2*i**2 + 3*i. Calculate z(0).
-4
Let q(b) = 1. Let k(m) = m - 2. Let f(y) = -3*k(y) - 6*q(y). Determine f(2).
-6
Suppose -4*d + 21 = 5*r - 12, -d = -2. Let c(a) = a**2 + 0*a**2 - 34*a + 33*a - r. Suppose 3*l - 4*l = 0. Determine c(l).
-5
Let f(t) = -3*t + t - 3 + 5*t. Let d(s) = -6*s + 6. Let z(r) = 3*d(r) + 5*f(r). Give z(2).
-3
Let o(b) = 2*b - 4 + 12 - 8. Calculate o(5).
10
Let s(v) = -v**2 - 5*v + 2. Let t be s(-4). Let y(g) = -2*g**3 - 2*g**2 - 9*g + 6. Let w(q) = q**3 - q**2 + q - 1. Let i(f) = -3*w(f) - y(f). Calculate i(t).
-3
Let t(r) = r**3 - 3*r**2 - 2*r + 1. Suppose -5*z - 34 = i - 4*i, 3*i - 14 = z. Determine t(i).
-5
Let i(h) = -5*h + 2*h**2 + h + h - 2 + 2*h**3. Determine i(-2).
-4
Let w(d) = d**2 + 7*d + 3. Suppose 0*x + x = 5. Suppose -x = -2*n + 3*n. Calculate w(n).
-7
Suppose 4*u + 3*k + 1 = 0, u + 3*u - 3*k + 31 = 0. Let t = 0 + u. Let s(h) = -h**3 - 5*h**2 - 3*h. Calculate s(t).
-4
Let a(m) = m. Let w(f) = f**3 + 4*f**2 + 7*f + 2. Let q(u) = 5*a(u) - w(u). Determine q(-3).
-5
Suppose 2*p - 9 = 3*p - 2*r, -p - 4*r + 15 = 0. Let z(i) = -2*i - 1. Let g be z(p). Suppose g = -3*n + f, -2*n - 3*f = -16 + 2. Let u(h) = -3*h. Calculate u(n).
-3
Let s(j) = 2*j - 1. Let k be ((-2)/3 + 0)*(7 + -10). Calculate s(k).
3
Let k(l) = -l**2 + 4*l + 7. Let u be k(6). Let t(p) = -2*p + 7. Give t(u).
17
Let g(z) = -7*z**2 + 3*z - 1. Let j(l) = 20*l**2 - 8*l + 3. Let p(b) = 8*g(b) + 3*j(b). What is p(1)?
5
Let r(d) be the first derivative of d**4/4 - 5*d**3/3 + 2*d**2 + d + 23. Calculate r(4).
1
Let n(v) = v - 3. Let b(o) = -4*o + 16. Let g = -9 + 6. Let u(r) = g*b(r) - 14*n(r). Determine u(-4).
2
Let n(w) = -w**3 + 2*w**2 + 5*w + 2. Let r be n(-2). Let z(f) = -f**3 + 8*f**2 - 2. Give z(r).
-2
Let x(c) = -c**2 - 12*c**3 - 14*c**3 + 2 + 24*c**3 + 3*c. Suppose 10 = -5*r + 5*f, -r + 5*f + 2 = -2*r. Give x(r).
8
Let u(p) = -p**2 + 2*p. Let h(q) = 5*q**2 - 11*q - 1. Let i be 9 + 2 + -6 + 6. Let z(n) = i*u(n) + 2*h(n). Determine z(-3).
-11
Let u(c) = 4*c + 3. Let z(b) = 2 + 0*b + 4*b - b + 2*b. Let x(v) = -3*u(v) + 2*z(v). Calculate x(-4).
3
Let v(y) be the second derivative of -1/4*y**4 + 1/2*y**3 - y + 0*y**2 - 1/20*y**5 + 0. Let q(z) = -z + 35. Let w be q(38). Give v(w).
-9
Let p(l) = -l**2 - l + 12. Suppose -11*y = -7*y. Give p(y).
12
Let t = 20 + -19. Let j(q) = q. Determine j(t).
1
Let j = 4 + -4. Suppose j = -2*x + 1 + 3. Let p(h) = h + 1 + 4*h**2 + x - 3*h**2. What is p(0)?
3
Let x(q) = -3*q. Let w(l) = -l**3 + 3*l**2 - 2*l + 1. Suppose 1 = -i - 2. Let a be (-1)/(0 + i/6). Let z be w(a). What is x(z)?
-3
Let m(l) be the third derivative of l**6/120 + l**5/15 - l**3/6 - l**2. Calculate m(-4).
-1
Let j(b) be the second derivative of b**4/6 - 2*b**3/3 - 10*b. What is j(3)?
6
Suppose -3*n - v - v - 6 = 0, -4*v = 12. Let t(b) = b**2 - 1. Let h be t(n). Let l be -1*(3 - (h + 3)). Let u(m) = 6*m**2 - 1. What is u(l)?
5
Let a(b) = -2*b - 22. Let r be a(-13). Let o(t) = -t**2 + 3*t - 3. Calculate o(r).
-7
Let o(g) = -8*g + 11*g - 2*g + 7. What is o(-9)?
-2
Suppose 2*r = -0*r + 8. Suppose 5*c + y - 21 = 0, -3*y - y + r = 0. Let w(k) be the second derivative of k**3/6 + 2*k**2 - k. What is w(c)?
8
Let o = 74 - 70. Let m(i) be the first derivative of 4*i + 1/4*i**o - i**2 + i**3 + 3. Calculate m(-4).
-4
Suppose -3*i - 9 = -6*i. Let a(x) = -2*x + 1 + 2 - x + x**2. Give a(i).
3
Let a(u) = 5*u**2 + 7. Let h(z) = -z**2 - 1. Let x(i) = 4*a(i) + 28*h(i). Determine x(1).
-8
Let s(t) = 0*t - 5*t - t**2 + 0*t + 2. Let w be ((-85)/20 + 3)*(1 - -3). Give s(w).
2
Let y(q) = -q**3 - 8*q**2 - 8*q - 7. Let t(w) = -2*w**2 - 8*w - 13. Let f be t(-3). Calculate y(f).
0
Suppose 3*n - n + 4 = 0. Let r(z) be the first derivative of z**3/3 + z**2 + 2*z + 2. What is r(n)?
2
Let b(o) = -5*o - 4. Let x(r) = -r - 1. Let z(u) = -5*b(u) + 20*x(u). Give z(-3).
-15
Let t(s) = s**3 - 3*s**2 + 3*s + 1. Suppose 5*u + b - 5*b - 31 = 0, 5 = -5*u - 5*b. Give t(u).
10
Let s(t) = t + 2*t**2 - 2*t**2 - 2*t**2. Let c be 0/(-1) - (-4 + -1). Suppose -v + c*i - 6 = 0, -i + 1 - 2 = 2*v. Give s(v).
-3
Let h(g) = 7*g + 6. Let l(c) = -c - 1. Let y(n) = -h(n) - 2*l(n). What is y(3)?
-19
Let x = 1 + 2. Let c(m) = -2*m**2 + m + 1. Let f(w) = 5*w**2 - 3*w - 1. Let l(y) = 7*c(y) + 3*f(y). Give l(x).
7
Let r(b) = 3*b - 2. Let d(t) = t - 1. Let f(v) = d(v) - r(v). Let q(g) = -g - 1. Let u be 7/9 - 2/(-9). Let p be q(u). What is f(p)?
5
Let s(g) = g**2 + 2*g + 3. Let c(l) = l**2 + 2*l + 3. Let m(j) = -6*c(j) + 5*s(j). Let y be -5 - (3 - (8 + -3)). Give m(y).
-6
Let s(t) = t**3 - t**2 - t + 1. Let h(o) = 5*o**3 - 9*o**2 - o + 2. Suppose 2*k - 5*k - 3 = -3*w, -4*w + k - 11 = 0. Let r(i) = w*s(i) + h(i). Calculate r(3).
-11
Let k(x) = x**3 + x - 1. Let t(w) = -2 + 6*w + w**2 + 0*w + 4*w**3 - 3*w**3. Let j(y) = -2*k(y) + t(y). Suppose 4*g + 23 = 3*a - 2*a, a - g = 8. Calculate j(a).
-6
Let u = -16 - -17. Let p(i) = -2*i**2 + 2*i - 1. Determine p(u).
-1
Let g(m) = 69*m + m**2 + 0 - 1 - 74*m. Give g(4).
-5
Let b(g) = -3*g - 23. Let w be b(-9). Let c(d) = -d + 3. Determine c(w).
-1
Let h(a) be the third derivative of -4/3*a**3 + 0 + 1/60*a**5 + a**2 - 5/24*a**4 + 0*a. Determine h(6).
-2
Suppose 9 = 2*l - 5*k, -k + 5*k = l - 6.